 factors of 2866076?
2, 23, 31153
What are the prime factors of 949740?
2, 3, 5, 11, 1439
List the prime factors of 2262570.
2, 3, 5, 53, 1423
List the prime factors of 590474.
2, 295237
List the prime factors of 215274.
2, 3, 35879
What are the prime factors of 110538?
2, 3, 23, 89
List the prime factors of 6932918.
2, 191, 18149
What are the prime factors of 245987?
7, 35141
List the prime factors of 364720.
2, 5, 47, 97
List the prime factors of 738561.
3, 246187
List the prime factors of 7376539.
7376539
List the prime factors of 1700691.
3, 31, 18287
List the prime factors of 1612230.
2, 3, 5, 61, 881
List the prime factors of 349230.
2, 3, 5, 7, 1663
What are the prime factors of 2722269?
3, 11, 82493
What are the prime factors of 1702687?
7, 79, 3079
List the prime factors of 4327047.
3, 43, 3727
List the prime factors of 5637.
3, 1879
List the prime factors of 24009.
3, 53, 151
What are the prime factors of 3591571?
3591571
List the prime factors of 2078325.
3, 5, 3079
What are the prime factors of 648154?
2, 13, 97, 257
List the prime factors of 5958627.
3, 191, 10399
List the prime factors of 1509886.
2, 7, 31, 71
What are the prime factors of 605491?
29, 20879
What are the prime factors of 4056282?
2, 3, 225349
List the prime factors of 663499.
19, 47, 743
List the prime factors of 3738832.
2, 53, 4409
What are the prime factors of 173942?
2, 29, 2999
What are the prime factors of 211218?
2, 3, 7, 47, 107
List the prime factors of 779653.
7, 127, 877
What are the prime factors of 541007?
541007
What are the prime factors of 26465?
5, 67, 79
List the prime factors of 25414391.
181, 140411
List the prime factors of 219214.
2, 43, 2549
List the prime factors of 13071292.
2, 13, 41, 6131
What are the prime factors of 20271522?
2, 3, 29, 113, 1031
List the prime factors of 13002199.
7, 23, 83, 139
What are the prime factors of 31053?
3, 11, 941
List the prime factors of 1343459.
13, 17, 6079
List the prime factors of 323921.
13, 24917
What are the prime factors of 401890?
2, 5, 40189
What are the prime factors of 14165060?
2, 5, 7, 13, 43, 181
List the prime factors of 2246965.
5, 7, 43, 1493
List the prime factors of 103418.
2, 7, 83, 89
List the prime factors of 7352170.
2, 5, 7, 105031
List the prime factors of 1098655.
5, 219731
What are the prime factors of 334862?
2, 11, 31, 491
What are the prime factors of 982868?
2, 29, 37, 229
What are the prime factors of 26165771?
17, 37, 2447
List the prime factors of 507103.
507103
What are the prime factors of 12931756?
2, 61, 52999
List the prime factors of 771206.
2, 167, 2309
What are the prime factors of 8302427?
7, 389, 3049
What are the prime factors of 14447218?
2, 7223609
What are the prime factors of 839338?
2, 307, 1367
What are the prime factors of 52517?
52517
What are the prime factors of 205655?
5, 41131
List the prime factors of 1568484.
2, 3, 47, 103
List the prime factors of 420132.
2, 3, 157, 223
What are the prime factors of 1080055?
5, 19, 11369
List the prime factors of 20034303.
3, 19, 351479
What are the prime factors of 1097360?
2, 5, 11, 29, 43
What are the prime factors of 1907176?
2, 238397
What are the prime factors of 81701?
81701
What are the prime factors of 203712?
2, 3, 1061
List the prime factors of 4762011.
3, 37, 42901
What are the prime factors of 8489016?
2, 3, 39301
What are the prime factors of 47026?
2, 7, 3359
What are the prime factors of 1971387?
3, 11, 19913
List the prime factors of 494764.
2, 37, 3343
List the prime factors of 4223941.
53, 79697
List the prime factors of 540178.
2, 23, 11743
List the prime factors of 594424.
2, 67, 1109
List the prime factors of 11623597.
17, 139, 4919
List the prime factors of 22692608.
2, 88643
List the prime factors of 3481570.
2, 5, 53, 6569
List the prime factors of 1327096.
2, 165887
List the prime factors of 2801868.
2, 3, 233489
List the prime factors of 33394767.
3, 7, 59, 26953
List the prime factors of 12380828.
2, 17, 163, 1117
What are the prime factors of 121712?
2, 7607
List the prime factors of 2322786.
2, 3, 37, 10463
List the prime factors of 1525629.
3, 7, 72649
List the prime factors of 43472399.
19, 181, 12641
What are the prime factors of 62103?
3, 127, 163
What are the prime factors of 5614399?
7, 67, 11971
List the prime factors of 171373.
23, 7451
What are the prime factors of 462288?
2, 3, 9631
What are the prime factors of 32157954?
2, 3, 1786553
List the prime factors of 2477934.
2, 3, 29, 47, 101
What are the prime factors of 4054406?
2, 97, 20899
What are the prime factors of 1115425?
5, 44617
What are the prime factors of 641108?
2, 13, 12329
List the prime factors of 757543.
757543
What are the prime factors of 192151?
17, 89, 127
List the prime factors of 323751.
3, 311, 347
What are the prime factors of 1771303?
83, 21341
What are the prime factors of 488123?
83, 5881
What are the prime factors of 867332?
2, 29, 7477
List the prime factors of 135627.
3, 53, 853
What are the prime factors of 5054?
2, 7, 19
List the prime factors of 781282.
2, 113, 3457
List the prime factors of 3176424.
2, 3, 157, 281
What are the prime factors of 786521?
223, 3527
What are the prime factors of 597338?
2, 7, 42667
What are the prime factors of 131179?
233, 563
What are the prime factors of 29066955?
3, 5, 89, 21773
What are the prime factors of 732899?
367, 1997
List the prime factors of 1031100.
2, 3, 5, 7, 491
List the prime factors of 554738.
2, 79, 3511
List the prime factors of 13306021.
53, 251057
List the prime factors of 2959554.
2, 3, 13, 19, 1997
What are the prime factors of 120035?
5, 24007
List the prime factors of 4440189.
3, 13, 257, 443
List the prime factors of 100753.
53, 1901
List the prime factors of 484957.
11, 44087
What are the prime factors of 7240591?
103, 70297
What are the prime factors of 26709740?
2, 5, 149, 8963
What are the prime factors of 1912980?
2, 3, 5, 31883
What are the prime factors of 17717012?
2, 4429253
What are the prime factors of 402369?
3, 11, 89, 137
List the prime factors of 1269967.
401, 3167
List the prime factors of 14003207.
3433, 4079
List the prime factors of 2133374.
2, 1066687
What are the prime factors of 810489?
3, 270163
What are the prime factors of 709212?
2, 3, 7, 8443
What are the prime factors of 253488?
2, 3, 5281
What are the prime factors of 20668057?
3793, 5449
List the prime factors of 4424359.
19, 232861
What are the prime factors of 3518580?
2, 3, 5, 13, 347
What are the prime factors of 171491?
171491
What are the prime factors of 2751392?
2, 7, 71, 173
What are the prime factors of 189?
3, 7
List the prime factors of 4028967.
3, 37, 109
What are the prime factors of 1429446?
2, 3, 19, 12539
List the prime factors of 156264.
2, 3, 17, 383
What are the prime factors of 485685?
3, 5, 43, 251
What are the prime factors of 101793?
3, 33931
What are the prime factors of 1352502?
2, 3, 29, 2591
List the prime factors of 13086453.
3, 29, 349, 431
What are the prime factors of 1710547?
37, 83, 557
List the prime factors of 287004.
2, 3, 23917
What are the prime factors of 216140?
2, 5, 101, 107
What are the prime factors of 12476136?
2, 3, 31, 41, 409
List the prime factors of 3737405.
5, 7, 106783
What are the prime factors of 11938451?
7, 1705493
What are the prime factors of 6842870?
2, 5, 684287
What are the prime factors of 70747?
263, 269
List the prime factors of 6553136.
2, 67, 6113
What are the prime factors of 5425205?
5, 349, 3109
What are the prime factors of 19463593?
47, 199, 2081
List the prime factors of 33018.
2, 3, 5503
List the prime factors of 1361646.
2, 3, 11, 13, 23
What are the prime factors of 1515861?
3, 23, 2441
List the prime factors of 223100.
2, 5, 23, 97
What are the prime factors of 9259803?
3, 7, 103, 1427
What are the prime factors of 1785113?
11, 14753
List the prime factors of 1329897.
3, 113, 3923
What are the prime factors of 34820476?
2, 1607, 5417
What are the prime factors of 7177426?
2, 23, 337, 463
List the prime factors of 1390147.
11, 43, 2939
List the prime factors of 1455562.
2, 727781
List the prime factors of 1685116.
2, 421279
What are the prime factors of 1863950?
2, 5, 11, 3389
What are the prime factors of 295071?
3, 7, 14051
List the prime factors of 2817716.
2, 11, 17, 376